

{"id":119,"date":"2023-03-29T14:05:35","date_gmt":"2023-03-29T14:05:35","guid":{"rendered":"https:\/\/nordicoils.dk\/?post_type=product&#038;p=119"},"modified":"2025-02-06T08:24:41","modified_gmt":"2025-02-06T08:24:41","slug":"animals","status":"publish","type":"product","link":"https:\/\/nordicoils.dk\/?product=animals","title":{"rendered":"animals"},"content":{"rendered":"<p>Fork\u00e6l dit k\u00e6ledyr med vores udvalg af h\u00f8jkvalitets dyreprodukter!<\/p>\n<p>Vi forst\u00e5r, hvor vigtigt det er at give din pelsede ven den bedste omsorg og k\u00e6rlighed, og derfor har vi sammensat et fantastisk udvalg af dyreprodukter, der opfylder alle deres behov.<\/p>\n<p>Vores udvalg sp\u00e6nder fra l\u00e6kre og n\u00e6ringsrige hundefoder- og kattemadvarianter, der er designet til at tilfredsstille selv de mest kr\u00e6sne smagsl\u00f8g, til komfortable hundesenge og kattehuler, hvor din k\u00e6ledyr kan slappe af og hvile i stil.<\/p>\n<p>Udover mad og komfort tilbyder vi ogs\u00e5 et bredt udvalg af plejeprodukter, s\u00e5som sk\u00e5nsomme shampoo og balsam, der efterlader pelsen skinnende og bl\u00f8d. Vores udvalg af leget\u00f8j vil ogs\u00e5 hj\u00e6lpe med at stimulere deres sind og holde dem aktive og glade.<\/p>\n<p>Vi ved, at dit k\u00e6ledyrs sundhed er topprioritet, derfor finder du ogs\u00e5 kosttilskud og vitaminer i vores sortiment, der er designet til at styrke deres velbefindende og st\u00f8tte deres langvarige trivsel.<\/p>\n<p>Uanset om du har en livlig hund, en nysgerrig kat eller en lille gnaver, har vi de rette produkter til at im\u00f8dekomme deres individuelle behov. Vores dyreprodukter er skabt med omsorg og hengivenhed for at sikre, at dine k\u00e6ledyr lever det bedste liv muligt.<\/p>\n<p>Giv dine elskede k\u00e6ledyr det, de fortjener, med vores f\u00f8rsteklasses udvalg af dyreprodukter. Oplev forskellen i dag, og lad dine pelsede venner vide, hvor meget du holder af dem ved at v\u00e6lge de bedste produkter p\u00e5 markedet.<\/p>\n","protected":false},"excerpt":{"rendered":"<p>Fork\u00e6l dit k\u00e6ledyr med vores udvalg af h\u00f8jkvalitets dyreprodukter! Vi forst\u00e5r, hvor vigtigt det er at give din pelsede ven den bedste omsorg og k\u00e6rlighed, og derfor har vi sammensat et fantastisk udvalg af dyreprodukter, der opfylder alle deres behov. Vores udvalg sp\u00e6nder fra l\u00e6kre og n\u00e6ringsrige hundefoder- og kattemadvarianter, der er designet til at [&#8230;]\n","protected":false},"featured_media":31,"comment_status":"open","ping_status":"closed","template":"","meta":[],"product_brand":[],"product_cat":[16,18,15,17],"product_tag":[],"class_list":{"0":"post-119","1":"product","2":"type-product","3":"status-publish","4":"has-post-thumbnail","6":"product_cat-moisturizer","7":"product_cat-supplements","8":"product_cat-uncategorized","9":"product_cat-vegan","11":"first","12":"instock","13":"shipping-taxable","14":"purchasable","15":"product-type-simple"},"_links":{"self":[{"href":"https:\/\/nordicoils.dk\/index.php?rest_route=\/wp\/v2\/product\/119","targetHints":{"allow":["GET"]}}],"collection":[{"href":"https:\/\/nordicoils.dk\/index.php?rest_route=\/wp\/v2\/product"}],"about":[{"href":"https:\/\/nordicoils.dk\/index.php?rest_route=\/wp\/v2\/types\/product"}],"replies":[{"embeddable":true,"href":"https:\/\/nordicoils.dk\/index.php?rest_route=%2Fwp%2Fv2%2Fcomments&post=119"}],"wp:featuredmedia":[{"embeddable":true,"href":"https:\/\/nordicoils.dk\/index.php?rest_route=\/wp\/v2\/media\/31"}],"wp:attachment":[{"href":"https:\/\/nordicoils.dk\/index.php?rest_route=%2Fwp%2Fv2%2Fmedia&parent=119"}],"wp:term":[{"taxonomy":"product_brand","embeddable":true,"href":"https:\/\/nordicoils.dk\/index.php?rest_route=%2Fwp%2Fv2%2Fproduct_brand&post=119"},{"taxonomy":"product_cat","embeddable":true,"href":"https:\/\/nordicoils.dk\/index.php?rest_route=%2Fwp%2Fv2%2Fproduct_cat&post=119"},{"taxonomy":"product_tag","embeddable":true,"href":"https:\/\/nordicoils.dk\/index.php?rest_route=%2Fwp%2Fv2%2Fproduct_tag&post=119"}],"curies":[{"name":"wp","href":"https:\/\/api.w.org\/{rel}","templated":true}]}}