

{"id":199,"date":"2023-08-14T13:23:55","date_gmt":"2023-08-14T13:23:55","guid":{"rendered":"https:\/\/nordicoils.dk\/?page_id=199"},"modified":"2023-08-14T13:25:40","modified_gmt":"2023-08-14T13:25:40","slug":"forsendelse-og-betaling","status":"publish","type":"page","link":"https:\/\/nordicoils.dk\/?page_id=199","title":{"rendered":"Forsendelse og betaling"},"content":{"rendered":"\n\n\n<p>Forsendelse hos NordicOils.dk<\/p>\n\n\n\n<p>Velkommen til NordicOils.dks forsendelsesside! Vi er glade for at tilbyde dig en bekvem og p\u00e5lidelig forsendelsesoplevelse, der bringer vores kvalitetsprodukter direkte til dig i Danmark. Vores m\u00e5l er at sikre, at du f\u00e5r en problemfri oplevelse, n\u00e5r du bestiller fra os.<\/p>\n\n\n\n<p><strong>Fragtpriser:<\/strong><\/p>\n\n\n\n<p>For ordrer under 499 kroner opkr\u00e6ver vi et beskedent fragtgebyr p\u00e5 39 kroner. <\/p>\n\n\n\n<p>Vi \u00f8nsker at bel\u00f8nne vores v\u00e6rdsatte kunder, der v\u00e6lger at handle for 499 kroner eller mere. For ordrer over 499 kroner tilbyder vi GRATIS forsendelse! Dette er vores m\u00e5de at vise vores taknemmelighed for din st\u00f8tte og tillid til NordicOils.dk.<\/p>\n\n\n\n<p><strong>Betalingsmuligheder:<\/strong><\/p>\n\n\n\n<p>Vi \u00f8nsker at g\u00f8re din shoppingoplevelse s\u00e5 bekvem som muligt, og derfor tilbyder vi flere sikre betalingsmuligheder:<\/p>\n\n\n\n<ol class=\"wp-block-list\">\n<li><strong>Kreditkort:<\/strong> Vi accepterer de fleste st\u00f8rre kreditkort, hvilket g\u00f8r det let for dig at gennemf\u00f8re din betaling p\u00e5 vores hjemmeside.<\/li>\n\n\n\n<li><strong>Bankoverf\u00f8rsel:<\/strong> Hvis du foretr\u00e6kker at betale via bankoverf\u00f8rsel, giver vi dig mulighed for at g\u00f8re det. Du vil modtage detaljerede instruktioner om, hvordan du gennemf\u00f8rer betalingen, n\u00e5r du v\u00e6lger denne mulighed.<\/li>\n<\/ol>\n\n\n\n<p><strong>Bes\u00f8g vores hjemmeside:<\/strong><\/p>\n\n\n\n<p>G\u00e5 til vores hjemmeside, <a href=\"http:\/\/www.nordicoils.dk\/\">www.nordicoils.dk<\/a>, for at udforske vores omfattende udvalg af nordiske olier og finde de perfekte produkter til dine behov. Uanset om du er p\u00e5 udkig efter en sk\u00f8nhedsolie, kosttilskud eller naturlige produkter, har vi det hele!<\/p>\n\n\n\n<p>Tak fordi du handler hos os!<\/p>\n\n\n\n<p>Venlig hilsen, NordicOils.dk-teamet<\/p>\n","protected":false},"excerpt":{"rendered":"<p>Forsendelse hos NordicOils.dk Velkommen til NordicOils.dks forsendelsesside! Vi er glade for at tilbyde dig en bekvem og p\u00e5lidelig forsendelsesoplevelse, der bringer vores kvalitetsprodukter direkte til dig i Danmark. Vores m\u00e5l er at sikre, at du f\u00e5r en problemfri oplevelse, n\u00e5r du bestiller fra os. Fragtpriser: For ordrer under 499 kroner opkr\u00e6ver vi et beskedent fragtgebyr [&#8230;]\n","protected":false},"author":1,"featured_media":0,"parent":0,"menu_order":0,"comment_status":"closed","ping_status":"closed","template":"","meta":{"footnotes":""},"class_list":["post-199","page","type-page","status-publish","hentry"],"_links":{"self":[{"href":"https:\/\/nordicoils.dk\/index.php?rest_route=\/wp\/v2\/pages\/199","targetHints":{"allow":["GET"]}}],"collection":[{"href":"https:\/\/nordicoils.dk\/index.php?rest_route=\/wp\/v2\/pages"}],"about":[{"href":"https:\/\/nordicoils.dk\/index.php?rest_route=\/wp\/v2\/types\/page"}],"author":[{"embeddable":true,"href":"https:\/\/nordicoils.dk\/index.php?rest_route=\/wp\/v2\/users\/1"}],"replies":[{"embeddable":true,"href":"https:\/\/nordicoils.dk\/index.php?rest_route=%2Fwp%2Fv2%2Fcomments&post=199"}],"version-history":[{"count":3,"href":"https:\/\/nordicoils.dk\/index.php?rest_route=\/wp\/v2\/pages\/199\/revisions"}],"predecessor-version":[{"id":203,"href":"https:\/\/nordicoils.dk\/index.php?rest_route=\/wp\/v2\/pages\/199\/revisions\/203"}],"wp:attachment":[{"href":"https:\/\/nordicoils.dk\/index.php?rest_route=%2Fwp%2Fv2%2Fmedia&parent=199"}],"curies":[{"name":"wp","href":"https:\/\/api.w.org\/{rel}","templated":true}]}}